 Let f = -151 + 89. Let w be f/8 + (-1)/4. Let r be q(w). What is the highest common divisor of r and 98?
14
Let b = 0 + 9. Suppose 14*o + 1183 = 4221. Let v be 46/(-552) + o/12. Calculate the greatest common factor of b and v.
9
Let w be (-48)/(-432) + (-593)/(-9). What is the highest common factor of w and 3?
3
Let v = 24 - 20. Let n be 2/(-7) - -316*v/14. Calculate the highest common divisor of 60 and n.
30
Let x be (-8)/1*(-10 + 9). Suppose -7*k - 21 = -189. Calculate the highest common divisor of k and x.
8
Let w = 3 - 4. Let g(c) = -10*c**3 + 2*c**2 + 2*c + 1. Let q be g(w). Let l be (-2184)/(-22) - (-60)/(-220). Calculate the greatest common divisor of q and l.
11
Suppose 3*b + 135 = 4*v, -3*b + b = -3*v + 102. Suppose 5*p - 24 = 4*p. What is the highest common divisor of p and v?
12
Let y be 0/(-2) - (-18 - -3). Suppose -12*f - 298 = -14*f. Suppose -305 = -3*u - 2*l, -4*u - l - f = -564. What is the highest common factor of y and u?
15
Suppose -234*v + 222*v + 528 = 0. Calculate the highest common divisor of v and 1122.
22
Suppose 331 = 4*f + 11. Suppose -2*h = -3*y - 135, f = 2*h - y - 53. Calculate the greatest common divisor of h and 6.
6
Let p(r) = r**3 + 7*r**2 - 21*r - 24. Let m be p(-8). Let z = m - 44. What is the highest common divisor of 396 and z?
36
Suppose 112 = 26*a - 642. Suppose 103 = 2*o - 187. Calculate the greatest common divisor of o and a.
29
Let n = -1025 - -1121. Calculate the highest common factor of 624 and n.
48
Suppose -7 + 23 = -4*v. Let f be 5 + (2 - 4) - v. What is the greatest common divisor of f and 35?
7
Let q = 4 + 2. Let k(g) = -q*g - 6 + 3 + g. Let d be k(-3). What is the greatest common factor of d and 12?
12
Suppose -2*p = n + 3*p - 45, 5*n + 3*p - 203 = 0. Suppose -m + n = 3*m. Let v = 54 + -24. Calculate the highest common factor of v and m.
10
Let t(v) = 1 + 3*v + 1 - 4. Let l be t(2). Suppose -3*i = 2*k - 7*k - 19, 3*i + l*k = 28. What is the greatest common divisor of i and 8?
8
Suppose 0 = -i + 36 + 8. Suppose -1 = 2*q + 9, 4*u + 3*q = 97. Suppose 0 = -3*d - 4*d + u. What is the highest common divisor of d and i?
4
Suppose -258 = -22*j + 72. What is the greatest common divisor of 960 and j?
15
Let g = -114 + 198. Let f = 55 - 43. What is the greatest common factor of f and g?
12
Suppose -283 = -2*i + 3*n, -5*i + 107 = -n - 594. Calculate the greatest common factor of 200 and i.
20
Suppose -4*b - 108 = -112. What is the greatest common factor of b and 97?
1
Suppose -12 = -i - y + 5, -2*y = -8. Calculate the greatest common factor of 351 and i.
13
Suppose -3*s + 4*d + 41 = 0, 0*d + 50 = 5*s - 3*d. Calculate the highest common divisor of 1197 and s.
7
Let z be 15/(-6)*(-12)/90*456. What is the greatest common factor of z and 19?
19
Let h(g) = 31*g + 564. Let u be h(-18). Calculate the greatest common divisor of 39 and u.
3
Let s(t) = -t + 5. Let p be s(4). Suppose -2*m = -3*m + 3. Suppose -4*g + 5*o + 18 = 0, -3*o = -m*g - g + 14. Calculate the greatest common divisor of g and p.
1
Suppose 5*c + 127*a - 147 = 126*a, -c = -5*a - 45. Let t be (-724)/(-6) + (-2)/3. What is the greatest common divisor of t and c?
30
Let p = 587 - 389. Let d(v) = 2*v**2 + 4. Let n be d(3). Calculate the greatest common divisor of p and n.
22
Suppose -4*d - 76 + 212 = 0. Let o = d + -60. Let s be ((-5)/2 - -2)*o. What is the greatest common factor of s and 13?
13
Suppose 0 = -5*n + 5, -d + 4*n = 8*n - 6. Suppose -4*x + 4*w = 6*w - 84, 3*w + 34 = d*x. Calculate the highest common divisor of x and 5.
5
Suppose m = 34*b - 36*b + 72, 2*b = -5*m + 328. Calculate the greatest common divisor of m and 8.
8
Let z(i) = i**3 + 11*i**2 + 10*i + 18. Let a be z(-8). Let c = a + -93. What is the greatest common factor of c and 37?
37
Suppose 10 = 4*q + 2. Let y(d) = 3*d - 1. Let n be y(1). Calculate the highest common factor of q and n.
2
Let c = 32 + -27. Suppose -c*m + 276 = 3*a - m, m - 189 = -2*a. Calculate the highest common divisor of 12 and a.
12
Suppose 0 = 5*m + 4*h + h + 105, 0 = 5*h - 10. Let l = -9 - m. What is the greatest common divisor of l and 112?
14
Let a(n) be the second derivative of 10*n**3/3 + 5*n**2/2 + 11*n. Let u be a(2). What is the highest common divisor of 9 and u?
9
Let u(o) = -o**3 + 26*o**2 - o + 34. Let t be u(26). Let f = -1 + 1. Suppose -2*z + f*z + 8 = 0. Calculate the highest common factor of z and t.
4
Let j = -752 - -761. Calculate the greatest common divisor of 243 and j.
9
Let d = -18 - -16. Let m(z) = -z**3 - 2*z**2 - 3*z - 1. Let s be m(d). Suppose 7*q - s*q - 16 = 0. Calculate the highest common divisor of 2 and q.
2
Suppose t = 2*x - 12, -2*x - 2*x = 4*t. Suppose 2*y + 0*y + 102 = x*r, -5*r - 4*y = -160. Calculate the greatest common factor of 42 and r.
14
Let v(a) be the third derivative of 1/60*a**5 + 1/24*a**4 - 8*a**2 + 1/3*a**3 + 0*a + 0. Let m be v(3). What is the highest common factor of 7 and m?
7
Suppose 2*p + 0*p - 4 = 0. Let c be (p/4)/(9/2466). Suppose 4*y - 577 = -c. Calculate the greatest common factor of 22 and y.
22
Let l(k) = -k**2 - 9*k + 4. Let i be l(-9). Let d(g) = -g**2 + 10*g - 4. Let b be d(i). Let q = -2 + 10. Calculate the greatest common divisor of b and q.
4
Let f be (-28 - (-29 - -16))*44/(-6). Calculate the greatest common divisor of f and 99.
11
Let x be 6/(-9)*(-3)/(-2)*6. Let w be (0 - 129/(-12)) + x/(-24). What is the greatest common divisor of w and 22?
11
Let i(d) = 36*d. Let k be i(5). Suppose -v + k = 5*v. Calculate the highest common factor of 6 and v.
6
Let w(u) = u + 19. Let c be w(-15). Calculate the highest common divisor of 36 and c.
4
Suppose 0*i - 2*i = 0. Suppose i = -3*k - 2*k - 60. Let s = -2 - k. What is the greatest common factor of s and 10?
10
Let h = 31 - -137. Let v(r) = 55*r**2 + 2*r. Let g be v(1). Suppose -8*y + 113 = 5*n - 4*y, 3*n - 3*y - g = 0. What is the greatest common factor of n and h?
21
Let n(s) = -s**2 + 5*s - 4. Let f be n(1). Let l = -8 - -11. Suppose -l*g + 44 + 10 = f. Calculate the greatest common divisor of g and 144.
18
Let a be (-28)/3*6/(-4). Let n(j) = j**3 - 7*j**2 + 2*j**2 - 5*j + 7 + 4*j. Let s be n(5). Calculate the greatest common factor of s and a.
2
Suppose 0 = -2*q - 3*c + 2089, -34*q - 4*c + 1057 = -33*q. Calculate the highest common divisor of 61 and q.
61
Let h = -368 - -410. What is the highest common factor of h and 882?
42
Suppose -228 = -5*w + 4*j, -2*w + 8*j + 90 = 6*j. Suppose g = -v + 29, 3*g + 6 = g. What is the greatest common factor of w and v?
16
Suppose -5 = -5*l, -k + 5 = 2*k - 4*l. Calculate the highest common factor of 117 and k.
3
Let x be (-3)/9 + (0 - 3028/(-12)). What is the greatest common factor of x and 42?
42
Let d(o) be the second derivative of -o**5/20 + 2*o**4 + 33*o**2/2 + 24*o. Let t be d(24). What is the highest common factor of t and 44?
11
Let d(z) = 2*z - 12. Let y be 240/6 - (-3 + 0). Suppose -q + 2*q = 5*p - y, -p = -2*q - 5. Let h be d(p). Calculate the highest common divisor of 60 and h.
6
Let i(b) = 25*b - 10. Let m be i(1). Calculate the highest common divisor of 165 and m.
15
Let v = -37 - -50. Let t(b) = -3*b + 3*b + 6*b + 32. Let u be t(v). Calculate the greatest common divisor of u and 10.
10
Let o be (45/70 - (-4)/(-28))*1460. What is the highest common divisor of 60 and o?
10
Suppose 3*x + 2*x - 40 = 0. Let t = -7 - -18. Let d = t - x. What is the highest common divisor of d and 12?
3
Let q be (-3)/4*42812/(-417). Calculate the highest common factor of 56 and q.
7
Let u(g) = -g**2 + 3*g + 3. Let d be u(6). Let f be d/(-3) - (3 - 3). Suppose 4*o - 27 = f. What is the greatest common factor of 4 and o?
4
Let h = 80 + -48. What is the highest common factor of 16 and h?
16
Let g(d) = 10*d - 1. Let h be g(1). Let u(s) = -5*s**2 + 2*s - 1. Let j be u(1). Let z be j - (228 + 0)/(-3). Calculate the highest common divisor of z and h.
9
Let s = -593 - -601. Suppose v + 15 = 5*t - 4*v, 3*t + v = 5. Suppose -j + 96 = t*j. What is the highest common divisor of j and s?
8
Let o(h) = -6*h - 182. Let r be o(-31). What is the highest common factor of r and 34?
2
Let g(v) = -v**3 - v + 6. Let j be g(0). Let s be 95/(-38)*(-24)/5 - 6. What is the greatest common factor of j and s?
6
Suppose 2*w + 6*i - i = -5, 0 = -3*w - 3*i + 6. Suppose -24 + 39 = -w*g. Let o be 9*(4 - g